pose -3*f + q = -41. What is the tens digit of f?
1
Let r be (15/(-6))/(1/(-2)). Let b = 7 - r. What is the units digit of b?
2
Suppose 0 = -y + 3 - 0. Let h(j) = j**2 + 4*j + 1. What is the units digit of h(y)?
2
Suppose 11*r + 120 = 15*r. What is the tens digit of r?
3
Let g = 34 - 26. What is the units digit of g?
8
Let c(y) = -y**3 - y**2 - y + 5. Let k be c(0). Let b = 10 - k. What is the units digit of b?
5
Let h(b) = b**2 + 5*b - 4. Let v be h(-7). Let w be v*(-3)/(9/(-3)). Let d = w - 4. What is the units digit of d?
6
Suppose 2 - 17 = 5*l. What is the tens digit of (17/l)/(2/(-6))?
1
Let o(x) = 6*x**2 - 6*x - 3. What is the units digit of o(7)?
9
Let j be 36/8*4/(-2). What is the units digit of ((-6)/(-4))/(j/(-48))?
8
Suppose 0*g + g = 25. What is the tens digit of g?
2
Suppose -s = -3*w - 3, 3 = 2*s + 5*w - 14. Suppose -s + 2 = -4*k. What is the units digit of (2 - 0) + k + -2?
1
Let d = 4 + -4. Let i = 17 - d. What is the units digit of i?
7
Suppose v = 8 + 41. What is the tens digit of v?
4
Suppose -3*l + l = -6. Suppose 0 = 2*s - l*u - 47, -5*u + 30 = s - 0*u. What is the units digit of s?
5
Let z(x) be the third derivative of x**6/120 - x**4/24 + 13*x**3/6 - 4*x**2. What is the tens digit of z(0)?
1
Let j(g) = -2*g + 1. Let x be j(-1). Suppose -r + x = -9. Suppose -2*i - c + r = 0, 4*i - 4*c = i + 7. What is the units digit of i?
5
Let o = 20 - 10. What is the tens digit of o?
1
Suppose 3*a = 6*a - 246. Let i = a - 49. What is the units digit of i?
3
Let j = -301 + 501. What is the tens digit of j?
0
Let x be ((-6)/9)/(2/(-42)). Suppose 3*q = x + 1. Suppose 0 = d - q + 3. What is the units digit of d?
2
Let d = -4 + 6. Suppose l - d = 4*z, 4*z - 2*z = -4*l + 8. Suppose 3*y + y = -l*g + 12, -5*g + 38 = 2*y. What is the units digit of g?
8
Let c = -5 + 4. What is the units digit of (-14)/(-6)*(2 - c)?
7
Let h = -1 + 5. Suppose -3*g = 2*j - 2*g - 13, j = h*g + 2. What is the units digit of j?
6
Suppose -2*a - 5 = 1. Let w = a - -4. What is the units digit of 2 + (0 - 2) + w?
1
Let b be (1*-2 - -3)*-7. Let c = b + 14. What is the units digit of c?
7
Let w(g) = 11*g + 2. What is the tens digit of w(8)?
9
Let i(q) = -q**3 + 2*q. Let y(p) = -p - 1. Let j be y(1). Let k be i(j). Suppose 0*a - 2*a + d + 17 = 0, -2*d = k*a - 14. What is the units digit of a?
6
Suppose 0 = k - 6*k + 250. What is the units digit of k?
0
Suppose 5*z + 6 = 31. Suppose -t + 4*t - 66 = -3*x, 5*t - z*x = 80. What is the tens digit of t?
1
Suppose 2*c = -2*q + 126, 5*c - 5 = -15. What is the tens digit of (26/65)/(1/q)?
2
Suppose p = -4*z - 4*p + 38, -3*z = -4*p - 13. Let m(w) = 2*w + 1. What is the units digit of m(z)?
5
Let d(r) = 1 - r + 5*r**2 + 8*r**2 + 0*r - r. What is the units digit of d(1)?
2
Let m(z) = -13*z**3 - z**2 - 3*z - 2. What is the units digit of m(-1)?
3
Suppose -3*k + 395 = -2*p + 4*p, -2*k = 5*p - 256. What is the hundreds digit of k?
1
Let w(u) = -u**3 - 4*u**2 + 3*u + 5. What is the tens digit of w(-6)?
5
Let p(r) = 0*r - r**2 + 2 + 5*r + 6. What is the units digit of p(6)?
2
Let u be ((-80)/12)/((-4)/6). Suppose 0 = -s - u + 21. What is the units digit of s?
1
Suppose -r + 18 = 2*r. What is the units digit of (1 + -2)/((-2)/r)?
3
Let j(a) = 4*a - 3. Let g be j(2). Suppose -5*k - g*n = -2*k - 12, -5*k - 8 = -n. Let u = k + 3. What is the units digit of u?
2
Suppose 2*g = -g + 3*l - 12, -2*l = -4*g - 10. What is the units digit of 2*(g + (-44)/(-8))?
9
Suppose 4*u = -5 + 1. Let c = -4 - u. What is the units digit of (1/c)/(2/(-18))?
3
Suppose 0 = y - 3*y - 12. Let v = 18 + y. What is the units digit of v?
2
Suppose -2*c + 5*z + 0*z = -135, 2*z = -10. Let w = -37 + c. Suppose -x + 2*l = -12, 3*x - 18 - w = 3*l. What is the units digit of x?
2
Let a be (1 - -4)*(0 + -1). Let i(l) = -l**2 - 8*l - 4. What is the tens digit of i(a)?
1
Suppose 21*j - 23*j + 164 = 0. What is the units digit of j?
2
Let x = 24 - 7. Let g = -9 + x. What is the units digit of g?
8
Let k be 1*1*-2 - -6. Suppose 0 = -0*r - r + 4*p - 7, k*p = -2*r + 34. What is the units digit of r?
9
Suppose f - 6 = -0*f. Let s be 4/f*36/8. Suppose -6*b - s*k - 2 = -2*b, -5*b - 1 = 3*k. What is the units digit of b?
1
Let w(s) = -6*s + 6. What is the tens digit of w(-5)?
3
Let h = 14 - 11. Suppose -h*m = 19 - 85. What is the tens digit of m?
2
Let j(w) = -w**2 - 5*w + 6. Let i be j(-6). Let a = 3 + i. What is the units digit of a?
3
Let g = 52 + -37. What is the tens digit of g?
1
Suppose -5*l + 4*k + 323 = 0, 3*k + 2*k - 242 = -4*l. What is the tens digit of l?
6
Let x = -4 + 9. Suppose x*c = -3*l + 12, 5*c = -l - 2 - 4. What is the units digit of l?
9
Let r = -5 - -7. Let w(s) = 10*s**r - 3*s + s - 10*s**2 + s**3. What is the units digit of w(2)?
4
Suppose u = 2*s - 27, -2*u - 21 = -2*s + u. Suppose 0 = 3*o - 0 - s. What is the units digit of o?
5
Let b = 207 + -164. What is the units digit of b?
3
Let m = -7 - -11. Let v(u) be the third derivative of -u**5/60 + 5*u**4/24 + u**3/2 - 9*u**2. What is the units digit of v(m)?
7
Suppose 3*d - 161 = 5*b, -52 = -d + b + 1. What is the units digit of d?
2
Let g = -1 + 4. Let p = -6 - -10. Suppose o + 3*o = -p*s + 20, g = 3*o - 3*s. What is the units digit of o?
3
Let w be (0/(2 + -4))/(-2). Let h = 7 - -7. Suppose 0 = 3*p - w*l - 2*l - h, l - 20 = -3*p. What is the units digit of p?
6
Let t(i) = -9*i**3 - 2*i**2 + 1. What is the units digit of t(-2)?
5
Let x(d) = d**2 + 4*d. What is the tens digit of x(-6)?
1
Let s = 8 - 0. Let i be (-3)/12 - (-34)/s. Suppose i*y = -2*h - 2 + 18, h + 5*y - 11 = 0. What is the units digit of h?
6
Let q(a) = -2*a - 2*a - a. Let t be q(-7). Suppose -4*d + t = d. What is the units digit of d?
7
Let t(w) = 2*w - 3. Let z be t(-4). Let v = -1 - z. What is the tens digit of v?
1
Suppose d + 3*d - 180 = 0. What is the tens digit of d?
4
Let s(f) = -f + 7. Let q be s(11). Let c be (q - -1)/9*-6. Suppose 12 + 8 = c*u. What is the tens digit of u?
1
Suppose 3*l + r - 103 = 21, -3 = -3*r. What is the tens digit of l?
4
Suppose 3*w + 318 = 2*b, 2*b - 29 = 5*w + 297. What is the hundreds digit of b?
1
Suppose 4*g + g = 290. What is the tens digit of g?
5
Let j(d) = 2*d - 15. Let y = 18 - 8. What is the units digit of j(y)?
5
Suppose -5*m + 156 = -m. What is the tens digit of m?
3
Let f be (5/2)/(3/6). Suppose 3*i = f*i. Suppose 4*y + i*n - 21 = -5*n, -4*n + 4 = 0. What is the units digit of y?
4
Suppose 0 = u - 2*u. Suppose r + 2*p - 2 = u, 2*r + 0*p - 3*p - 11 = 0. What is the units digit of r?
4
Let o = 10 + -5. Let m = o - -3. What is the units digit of m?
8
Let l be (-6)/8 + 534/8. What is the tens digit of (l/(-15))/((-4)/10)?
1
Let u(l) be the third derivative of l**6/120 - l**5/20 + l**3/3 + l**2. Let q = 2 + 2. What is the tens digit of u(q)?
1
Suppose -5*o + 5*g - 11 + 51 = 0, -5*o - 3*g + 16 = 0. Suppose x = o*w - 10, -x - x + 6 = 3*w. Suppose -4*v + 4 + x = 0. What is the units digit of v?
1
Suppose -d + 3*n = -2 - 23, 0 = -2*d - 3*n + 50. What is the units digit of d?
5
Let k(b) be the second derivative of -b**3/6 + 9*b**2/2 - b. Let q be k(5). Suppose 4 = -q*r + 40. What is the units digit of r?
9
Suppose -5*d = -0*d + 3*w - 555, 0 = -d + 2*w + 98. What is the tens digit of d?
0
What is the units digit of (2 - 0)/((-42)/(-399))?
9
Let b be -2 - (-7 - (-3 - 0)). Suppose 5*q - 2 = -o, -2*o = -7*o + b*q + 10. Suppose 0 = -3*v + o*v + 20. What is the tens digit of v?
2
Let z be 3*1/3 - 12. Let k = -2 - z. What is the units digit of k?
9
Let x = -67 - -97. What is the units digit of x?
0
Suppose 5*o = p - 45, -5*p + 4*o - 2*o + 202 = 0. Let w = p - 25. What is the tens digit of w?
1
Let b = 79 - 19. What is the units digit of b?
0
Let a be -2 - 7/(7/(-2)). Let l(b) = b**3 - b - 2. Let w be l(a). What is the tens digit of 0 - (-3*5 + w)?
1
Let y = -2 + 2. Suppose y = 2*x - 3*x + 5*j - 23, -2*x - 11 = -3*j. Suppose -x = -m - 1, 5*q + m - 41 = 0. What is the units digit of q?
8
Let p(v) = 22*v**3 - 3*v**2 - v + 3. What is the hundreds digit of p(2)?
1
Let x(u) = 1 + u - 5*u + 2*u**3 + 2*u**2 - u**3. Let f be x(-3). Suppose -1 = -f*k + 7. What is the units digit of k?
2
Let q = 5 - 7. Let m = 31 + -21. What is the units digit of m*(2 - q/(-5))?
6
Suppose -2*q + 99 = 4*n - 63, 76 = 2*n - 4*q. What is the tens dig